ctors of j?
2, 5, 11
Suppose 0 = 2*m - 3 - 3. Let d = 4 + m. What are the prime factors of d?
7
Let l(p) = p**3 - 6*p**2 - 5*p + 2. Suppose -4*i - 35 = -9*i. List the prime factors of l(i).
2
Suppose -5*q + 12 = -13. Suppose -4*b + 16 = -3*f, 0 = -2*b + q*f - 0*f + 8. List the prime factors of b.
2
Let c(v) = -2*v**3 - 22*v**2 - 2*v - 1. What are the prime factors of c(-11)?
3, 7
Let g(d) = 2*d. Let n(z) be the second derivative of z**5/20 - z**4/12 - z**2 - 2*z. Let q be n(2). List the prime factors of g(q).
2
Let g = -4 + 5. Let v(r) be the second derivative of 13*r**5/20 - r**4/6 + r**3/6 - r. List the prime factors of v(g).
2, 3
Suppose -35 = -p - 5*b, -2*b + 3 = p - 5*b. What are the prime factors of p/(-6)*-1*2?
5
List the prime factors of (21 + (-18)/6)/((-1)/(-4)).
2, 3
Let a = -6 + -2. List the prime factors of (a - (-4 - -2))/(-2).
3
Suppose -23 - 24 = 3*x - 5*f, -4*f = x - 7. List the prime factors of -2 - -4*x/(-6).
2
What are the prime factors of 57*(((-32)/12)/2)/(-1)?
2, 19
Suppose m + 2*m - q - 178 = 0, -233 = -4*m - 3*q. Let t = m - 30. Let s = -21 + t. What are the prime factors of s?
2
Let z(q) = q**2 + 4*q + 3. Let b be z(-4). Let c(r) = -r**2 - r**3 - 2 + 4*r + 5 + r**3 - r**b. List the prime factors of c(-3).
3
Suppose -8*p = -4*p - 12. Suppose 104 = 7*m - p*m. What are the prime factors of m?
2, 13
Suppose 0 = -c - 0*c + 17. List the prime factors of c.
17
Let o = 2 - 0. List the prime factors of (-57)/(-12) + o/8.
5
Suppose 11*s - 14*s + 159 = 0. What are the prime factors of s?
53
Suppose 4*i - y - 31 = 0, i + 3*y = -y - 5. Let u(v) = 6*v + 9 - v**3 + 0*v**2 + 0*v**2 + 6*v**2. What are the prime factors of u(i)?
2
Suppose -465 = -5*f - 110. What are the prime factors of f?
71
List the prime factors of (2/3)/(14/441).
3, 7
Suppose -2*n + 2*c = -n - 4, -c + 5 = 3*n. Let l(g) = -g**2 + 5*g - 3. Let m be l(n). Let a = m - -5. List the prime factors of a.
2
Let o(b) = b**3 + 6*b**2 + b + 3. Let s be o(-6). List the prime factors of (-47)/s - (-8)/6.
17
Let i(c) = -c + 3. Let v be i(-6). Suppose -q - v = -25. List the prime factors of q.
2
Let q(u) = 16*u**2 + 1. What are the prime factors of q(1)?
17
Suppose 0 = -2*i - 3*b + 33 - 10, 11 = 4*i - b. Suppose 2*l - 3*s - 28 = -s, -2*l + 16 = i*s. List the prime factors of 44/6*18/l.
11
Let y = 7 - 4. Suppose 3*n = 2*r + 20, y*r = -2*n - r + 24. What are the prime factors of n?
2
Let n = -10 + 5. Let y = n + 8. List the prime factors of y.
3
Let g(d) = 7*d**3 - d**2 + 1. Let k be g(-1). Let b = 3 - k. What are the prime factors of b?
2, 5
Let g be (-3)/(6/(-2)) + -1. Suppose 3*n + g = -3, n = -r + 16. List the prime factors of r.
17
Let g = -120 + 155. List the prime factors of g.
5, 7
Let o(x) = -43*x - 10. What are the prime factors of o(-4)?
2, 3
Suppose 5*f - 6 = 2*f. Suppose f*w - 25 = 5. What are the prime factors of w?
3, 5
Let z(s) = -s**3 + 7*s**2 - 8*s + 9. Let i be z(6). Let d = i + 16. List the prime factors of d.
13
Let r(z) = 31*z + 5. Let v be r(3). Suppose v = 4*x - 2. What are the prime factors of x?
5
Let k(n) = n**3 - 7*n**2 - 5*n + 17. Let r be k(7). What are the prime factors of (-30)/r*(1 - -5)?
2, 5
Suppose -206 = -4*d + 186. What are the prime factors of d?
2, 7
Let z = 6 + -4. Suppose -u = -1, z*u - 5*u = 4*v - 39. Suppose 0 = -3*l - 0*l + v. List the prime factors of l.
3
Suppose -2*k - 6 = 2*r - 0*r, -4*k = -r + 2. Let b be (k/2)/((-1)/(-6)). What are the prime factors of 0 + -1 - b - -1?
3
Let o be (-2)/(-12) + (-485)/30. What are the prime factors of 70/8 + (-4)/o?
3
What are the prime factors of 1 - (-12)/(-9) - 3695/(-15)?
2, 3, 41
Let a = -46 + 64. List the prime factors of a.
2, 3
Let x be 51 - 1 - (0 + 3). Suppose j - 3*k - 19 = 0, 2*k + 129 = 5*j + x. What are the prime factors of j?
2
Suppose -4*y + 2*m - 3 + 1 = 0, y + m - 1 = 0. Suppose 0 = -5*w - y - 5. Let h = 11 - w. What are the prime factors of h?
2, 3
What are the prime factors of (2 + 78/(-21))/(1/(-56))?
2, 3
Let o(c) = c**3 - c**2 - 6*c + 6. What are the prime factors of o(5)?
2, 19
Suppose -4*c + 9*c - 431 = 2*s, 0 = 3*c - s - 258. Suppose 4*u - c = -u. List the prime factors of u.
17
Let k = -5 + -27. Let b = k - -50. What are the prime factors of b?
2, 3
Let v = -5 + 23. What are the prime factors of v?
2, 3
Let m(o) = -o**3 + 13*o**2 + 18*o - 2. List the prime factors of m(14).
2, 3
Suppose -5*v = -2*o - 11, 0*o - 13 = -3*v - 2*o. Suppose -2*g - 3*u = -1, 2*u + u + 9 = 3*g. List the prime factors of 7/g + v/(-6).
3
Let i(s) = -s**3 + s**2 + s + 8. Let t be i(0). Let q = t + -6. Let f(z) = 6*z**2 - 2*z - 2. List the prime factors of f(q).
2, 3
Suppose 6 = k - 4*k, 133 = 3*l + 4*k. What are the prime factors of l?
47
Let r = 103 - 67. List the prime factors of r.
2, 3
Suppose 2*g + 2*g + 172 = 0. Let x = -20 - g. What are the prime factors of x?
23
Suppose -2*a = a. Suppose -4*o - o + 70 = a. List the prime factors of o.
2, 7
Suppose 16 = -x + 5*x. Suppose m + 1 = -7*b + 3*b, -2*b = -x*m - 4. Suppose 4*v = -p - 4 + 19, b = -5*p + 4*v + 27. List the prime factors of p.
7
Let y(n) = 7*n + 6. Let r be y(4). Let k = -4 + r. What are the prime factors of k?
2, 3, 5
Suppose 10*o = 11*o - 209. List the prime factors of o.
11, 19
List the prime factors of 0 + (168/2 + 0 - 3).
3
Let i be ((-1)/(-2))/(1/14). Let m = 18 + i. What are the prime factors of m?
5
Let d be -1*(-20 + 1 + -2). Suppose -3*t + 9 = -d. List the prime factors of t.
2, 5
Suppose -2*t - 55 = -289. List the prime factors of t.
3, 13
Suppose -4 = -t + 1. Suppose -4*m + 8 = o, -t*m = -o + 3*o - 16. List the prime factors of o/12 + (-43)/(-3).
3, 5
Let y(m) = -13*m**2 - 4 + 6*m + 7*m**2 + 7*m**2. List the prime factors of y(-10).
2, 3
Let k(m) = -m**3 + 5*m**2 - 6*m + 3. Let q be k(4). Let j = 11 - q. What are the prime factors of j?
2
Suppose -4*f + 13 = -3*f - 3*r, -4*f + 4*r + 28 = 0. Suppose -5*n + 8 = -f*n. What are the prime factors of 34/n - 3/12?
2
Let p(j) = -9*j + 1. Let l be p(-1). Let v = l - 7. List the prime factors of (-4)/v*18/(-4).
2, 3
Let k be (-1 + -3)*(-6)/12. Suppose 0 = k*h - 2, 3*a - 16 = -h + 39. List the prime factors of a.
2, 3
Suppose -3*j + 84 = -7*j. What are the prime factors of 6/j + 489/21?
23
Suppose 4*u + 86 - 430 = 0. List the prime factors of u.
2, 43
Suppose 3*x + 2*l - 12 = 4*l, -3*l - 5 = 2*x. Suppose -r + 9 = -x*d - 0*d, -4*d - 8 = -4*r. Let t(y) = -y - 5. What are the prime factors of t(d)?
2
Let n = 15 + -14. Suppose n = 4*m - 7. What are the prime factors of m?
2
List the prime factors of 190 + (3 - 3)/(-5).
2, 5, 19
Suppose 0 = 2*j + 4, -3*f + 17 = -5*j - 20. What are the prime factors of f?
3
Suppose 5*q = -4*n + 14, 2*q + 7 = 5*q + n. Suppose 4*f - h - 44 = 0, f - q*f - 4*h = 6. What are the prime factors of f?
2, 5
List the prime factors of -2*(4335/6)/(-5).
17
Let x = -3 + 0. Let m be x/6*1*0. What are the prime factors of 1*12 - (m + 3)?
3
Let p = 0 + 1. List the prime factors of (3*p)/((-3)/(-2)).
2
Let x be 2/(-7) - 2/(-7). Suppose x*a + 53 = a. Suppose -j + 0 = 4*y - 42, -j + a = 5*y. List the prime factors of y.
11
Let j(c) = 3*c**2 - 2*c + 1. Let h be j(1). Suppose t + h = -t. What are the prime factors of (3 + -2)*t*-4?
2
Suppose z + 0*z = 38. What are the prime factors of z?
2, 19
Suppose 0 = 7*o - 83 - 85. What are the prime factors of o?
2, 3
Let w(n) = n + 8. Let f be 0/((-3)/(6/4)). What are the prime factors of w(f)?
2
Let r = -143 - -164. List the prime factors of r.
3, 7
Let a = 15 - 7. Suppose z = -2*z. What are the prime factors of -2 - (z + -1*a)?
2, 3
Suppose 3*h - 3*n = 675, 0 = -h + 2*n + n + 231. List the prime factors of h.
2, 3, 37
Suppose -3*i + 7 = -8, 0 = -c + 3*i + 6. Suppose -n + c = 2*n. List the prime factors of n.
7
Suppose -2*h = -h. Suppose -2*c - c + 225 = h. Suppose -v - c = -6*v. List the prime factors of v.
3, 5
Let r(b) = b**3 + b**2 - b + 14. Let j be r(0). Suppose -5 = l - j. What are the prime factors of l?
3
Let x = 18 + -8. What are the prime factors of x?
2, 5
Let h = -12 - -17. List the prime factors of ((-6)/h)/((-18)/60).
2
Suppose 0 = -f - 2, v - 3*f - 39 - 171 = 0. List the prime factors of v.
2, 3, 17
Let j be 0/(-1 - (3 + -2)). Let d = -45 - -69. Suppose j = -0*w - 2*w + d. What are the prime factors of w?
2, 3
Suppose 4